{"id":56,"date":"2020-03-16T11:50:00","date_gmt":"2020-03-16T09:50:00","guid":{"rendered":"http:\/\/lamirada.org.pl\/?page_id=56"},"modified":"2023-11-12T01:03:01","modified_gmt":"2023-11-11T23:03:01","slug":"galeria","status":"publish","type":"page","link":"https:\/\/lamirada.org.pl\/index.php\/galeria\/","title":{"rendered":"Galeria"},"content":{"rendered":"\n<ul><li><a href=\"https:\/\/lamirada.org.pl\/index.php\/galeria\/milonga-urodzinowa-01-03-2020\/\" data-type=\"URL\" data-id=\"https:\/\/lamirada.org.pl\/index.php\/galeria\/milonga-urodzinowa-01-03-2020\/\">Milonga urodzinowa<\/a> 2020<\/li><\/ul>\n\n\n\n<ul><li><a href=\"https:\/\/lamirada.org.pl\/index.php\/galeria\/zamek-krolewski\/\" target=\"_blank\" rel=\"noreferrer noopener\">Tango na Zamku Kr\u00f3lewskim w Warszawie &#8211; 2019<\/a><\/li><\/ul>\n\n\n\n<ul><li><a href=\"https:\/\/lamirada.org.pl\/index.php\/galeria\/dzien-seniora-2019\/\">Dzie\u0144 Seniora Ursyn\u00f3w 2019<\/a><\/li><\/ul>\n\n\n\n<ul><li> <a href=\"https:\/\/lamirada.org.pl\/wp-admin\/post.php?post=489&amp;action=edit\">Kajaki i Tango Warka 2019<\/a> <\/li><\/ul>\n\n\n\n<ul><li><code><a href=\"https:\/\/lamirada.org.pl\/index.php\/galeria\/kajaki-i-tango-warka-2018\/\">Kajaki i Tango Warka 2018<\/a><\/code><\/li><\/ul>\n\n\n\n<ul><li><a href=\"https:\/\/lamirada.org.pl\/?page_id=454\">Kurs i milongi &#8211; jesie\u0144 2018<\/a><\/li><\/ul>\n\n\n\n<ul><li><a href=\"https:\/\/lamirada.org.pl\/index.php\/tango-dla-papieza-franciszka\/\">Tango dla papie\u017ca Franciszka<\/a><\/li><\/ul>\n\n\n\n<p><\/p>\n","protected":false},"excerpt":{"rendered":"<p>Milonga urodzinowa 2020 Tango na Zamku Kr\u00f3lewskim w Warszawie &#8211; 2019 Dzie\u0144 Seniora Ursyn\u00f3w 2019 Kajaki i Tango Warka 2019 Kajaki i Tango Warka 2018 Kurs i milongi &#8211; jesie\u0144 2018 Tango dla papie\u017ca Franciszka<\/p>\n","protected":false},"author":1,"featured_media":806,"parent":0,"menu_order":0,"comment_status":"closed","ping_status":"closed","template":"","meta":{"ngg_post_thumbnail":0,"footnotes":""},"_links":{"self":[{"href":"https:\/\/lamirada.org.pl\/index.php\/wp-json\/wp\/v2\/pages\/56"}],"collection":[{"href":"https:\/\/lamirada.org.pl\/index.php\/wp-json\/wp\/v2\/pages"}],"about":[{"href":"https:\/\/lamirada.org.pl\/index.php\/wp-json\/wp\/v2\/types\/page"}],"author":[{"embeddable":true,"href":"https:\/\/lamirada.org.pl\/index.php\/wp-json\/wp\/v2\/users\/1"}],"replies":[{"embeddable":true,"href":"https:\/\/lamirada.org.pl\/index.php\/wp-json\/wp\/v2\/comments?post=56"}],"version-history":[{"count":28,"href":"https:\/\/lamirada.org.pl\/index.php\/wp-json\/wp\/v2\/pages\/56\/revisions"}],"predecessor-version":[{"id":843,"href":"https:\/\/lamirada.org.pl\/index.php\/wp-json\/wp\/v2\/pages\/56\/revisions\/843"}],"wp:featuredmedia":[{"embeddable":true,"href":"https:\/\/lamirada.org.pl\/index.php\/wp-json\/wp\/v2\/media\/806"}],"wp:attachment":[{"href":"https:\/\/lamirada.org.pl\/index.php\/wp-json\/wp\/v2\/media?parent=56"}],"curies":[{"name":"wp","href":"https:\/\/api.w.org\/{rel}","templated":true}]}}

<ul><li><a href="https://lamirada.org.pl/index.php/galeria/milonga-urodzinowa-01-03-2020/" data-type="URL" data-id="https://lamirada.org.pl/index.php/galeria/milonga-urodzinowa-01-03-2020/">Milonga urodzinowa</a> 2020</li></ul>



<ul><li><a href="https://lamirada.org.pl/index.php/galeria/zamek-krolewski/" target="_blank" rel="noreferrer noopener">Tango na Zamku Królewskim w Warszawie &#8211; 2019</a></li></ul>



<ul><li><a href="https://lamirada.org.pl/index.php/galeria/dzien-seniora-2019/">Dzień Seniora Ursynów 2019</a></li></ul>



<ul><li> <a href="https://lamirada.org.pl/wp-admin/post.php?post=489&amp;action=edit">Kajaki i Tango Warka 2019</a> </li></ul>



<ul><li><code><a href="https://lamirada.org.pl/index.php/galeria/kajaki-i-tango-warka-2018/">Kajaki i Tango Warka 2018</a></code></li></ul>



<ul><li><a href="https://lamirada.org.pl/?page_id=454">Kurs i milongi &#8211; jesień 2018</a></li></ul>



<ul><li><a href="https://lamirada.org.pl/index.php/tango-dla-papieza-franciszka/">Tango dla papieża Franciszka</a></li></ul>



<p></p>

<p>Milonga urodzinowa 2020 Tango na Zamku Królewskim w Warszawie &#8211; 2019 Dzień Seniora Ursynów 2019 Kajaki i Tango Warka 2019 Kajaki i Tango Warka 2018 Kurs i milongi &#8211; jesień 2018 Tango dla papieża Franciszka</p>
