{"id":53,"date":"2018-09-10T19:20:20","date_gmt":"2018-09-10T19:20:20","guid":{"rendered":"http:\/\/lamirada.org.pl\/?page_id=53"},"modified":"2018-09-11T09:22:05","modified_gmt":"2018-09-11T07:22:05","slug":"o-nas","status":"publish","type":"page","link":"https:\/\/lamirada.org.pl\/index.php\/o-nas\/","title":{"rendered":"O nas"},"content":{"rendered":"<div id=\"post-body-3383246257775101788\" class=\"post-body entry-content float-container\">\n<p><img loading=\"lazy\" decoding=\"async\" class=\" wp-image-177 aligncenter\" src=\"https:\/\/lamirada.org.pl\/wp-content\/uploads\/2018\/09\/logo-tango-argentynskie.png\" alt=\"\" width=\"321\" height=\"160\" srcset=\"https:\/\/lamirada.org.pl\/wp-content\/uploads\/2018\/09\/logo-tango-argentynskie.png 550w, https:\/\/lamirada.org.pl\/wp-content\/uploads\/2018\/09\/logo-tango-argentynskie-300x149.png 300w, https:\/\/lamirada.org.pl\/wp-content\/uploads\/2018\/09\/logo-tango-argentynskie-370x184.png 370w\" sizes=\"(max-width: 321px) 85vw, 321px\" \/><\/p>\n<p>&nbsp;<\/p>\n<p><strong>\u201eLa Mirada\u201d<\/strong> &#8211; czyli spojrzenie.<\/p>\n<p>Spojrzenie na tango nie tylko jako taniec, ale te\u017c jako pewien fenomen kultury. Jako inspiracj\u0119 r\u00f3wnie\u017c w muzyce, poezji, malarstwie, w relacjach mi\u0119dzyludzkich.<\/p>\n<p>Skupiamy wszystkich, kt\u00f3rym tango jest bliskie w ich \u017cyciu, w ich pasjach i zainteresowaniach, a kt\u00f3rzy chcieliby te swoje pasje rozwija\u0107 i dzieli\u0107 si\u0119 nimi z innymi.<\/p>\n<p>Zapraszamy wi\u0119c do nas nie tylko ta\u0144cz\u0105cych tango, ale te\u017c i tych tylko s\u0142uchaj\u0105cych, ogl\u0105daj\u0105cych, b\u0105d\u017a zainspirowanych tangiem w swoich dziedzinach.<\/p>\n<\/div>\n","protected":false},"excerpt":{"rendered":"<p>&nbsp; \u201eLa Mirada\u201d &#8211; czyli spojrzenie. Spojrzenie na tango nie tylko jako taniec, ale te\u017c jako pewien fenomen kultury. Jako inspiracj\u0119 r\u00f3wnie\u017c w muzyce, poezji, malarstwie, w relacjach mi\u0119dzyludzkich. Skupiamy wszystkich, kt\u00f3rym tango jest bliskie w ich \u017cyciu, w ich pasjach i zainteresowaniach, a kt\u00f3rzy chcieliby te swoje pasje rozwija\u0107 i dzieli\u0107 si\u0119 nimi z &hellip; <a href=\"https:\/\/lamirada.org.pl\/index.php\/o-nas\/\" class=\"more-link\">Czytaj dalej<span class=\"screen-reader-text\"> \u201eO nas\u201d<\/span><\/a><\/p>\n","protected":false},"author":1,"featured_media":0,"parent":0,"menu_order":0,"comment_status":"closed","ping_status":"closed","template":"","meta":{"ngg_post_thumbnail":0,"footnotes":""},"_links":{"self":[{"href":"https:\/\/lamirada.org.pl\/index.php\/wp-json\/wp\/v2\/pages\/53"}],"collection":[{"href":"https:\/\/lamirada.org.pl\/index.php\/wp-json\/wp\/v2\/pages"}],"about":[{"href":"https:\/\/lamirada.org.pl\/index.php\/wp-json\/wp\/v2\/types\/page"}],"author":[{"embeddable":true,"href":"https:\/\/lamirada.org.pl\/index.php\/wp-json\/wp\/v2\/users\/1"}],"replies":[{"embeddable":true,"href":"https:\/\/lamirada.org.pl\/index.php\/wp-json\/wp\/v2\/comments?post=53"}],"version-history":[{"count":9,"href":"https:\/\/lamirada.org.pl\/index.php\/wp-json\/wp\/v2\/pages\/53\/revisions"}],"predecessor-version":[{"id":183,"href":"https:\/\/lamirada.org.pl\/index.php\/wp-json\/wp\/v2\/pages\/53\/revisions\/183"}],"wp:attachment":[{"href":"https:\/\/lamirada.org.pl\/index.php\/wp-json\/wp\/v2\/media?parent=53"}],"curies":[{"name":"wp","href":"https:\/\/api.w.org\/{rel}","templated":true}]}}

<div id="post-body-3383246257775101788" class="post-body entry-content float-container">
<p><img loading="lazy" decoding="async" class=" wp-image-177 aligncenter" src="https://lamirada.org.pl/wp-content/uploads/2018/09/logo-tango-argentynskie.png" alt="" width="321" height="160" srcset="https://lamirada.org.pl/wp-content/uploads/2018/09/logo-tango-argentynskie.png 550w, https://lamirada.org.pl/wp-content/uploads/2018/09/logo-tango-argentynskie-300x149.png 300w, https://lamirada.org.pl/wp-content/uploads/2018/09/logo-tango-argentynskie-370x184.png 370w" sizes="(max-width: 321px) 85vw, 321px" /></p>
<p>&nbsp;</p>
<p><strong>„La Mirada”</strong> &#8211; czyli spojrzenie.</p>
<p>Spojrzenie na tango nie tylko jako taniec, ale też jako pewien fenomen kultury. Jako inspirację również w muzyce, poezji, malarstwie, w relacjach międzyludzkich.</p>
<p>Skupiamy wszystkich, którym tango jest bliskie w ich życiu, w ich pasjach i zainteresowaniach, a którzy chcieliby te swoje pasje rozwijać i dzielić się nimi z innymi.</p>
<p>Zapraszamy więc do nas nie tylko tańczących tango, ale też i tych tylko słuchających, oglądających, bądź zainspirowanych tangiem w swoich dziedzinach.</p>
</div>

<p>&nbsp; „La Mirada” &#8211; czyli spojrzenie. Spojrzenie na tango nie tylko jako taniec, ale też jako pewien fenomen kultury. Jako inspirację również w muzyce, poezji, malarstwie, w relacjach międzyludzkich. Skupiamy wszystkich, którym tango jest bliskie w ich życiu, w ich pasjach i zainteresowaniach, a którzy chcieliby te swoje pasje rozwijać i dzielić się nimi z &hellip; <a href="https://lamirada.org.pl/index.php/o-nas/" class="more-link">Czytaj dalej<span class="screen-reader-text"> „O nas”</span></a></p>
